 divide w?
True
Let s = -53 + 144. Is 13 a factor of s?
True
Suppose 8*f - f = 63. Does 3 divide f?
True
Suppose -w = -285 - 5. Suppose -n = 4*n - w. Suppose -3*z + 2*d = -n, -3*z = 2*z - d - 99. Is 20 a factor of z?
True
Suppose 5*p - 8 = -3. Suppose -5*q + p + 4 = 0. Suppose q = -x + 9. Is 4 a factor of x?
True
Is 88/(-5 - (-28)/4) a multiple of 11?
True
Does 20 divide (6/9)/(4/120)?
True
Let d(g) = g - 1. Let f be d(6). Suppose -n - 15 = 4*n, 3*b - 21 = -f*n. Suppose r = 2*z - 40, b = -0*r - 3*r. Does 18 divide z?
True
Let l be ((-4)/6)/((-2)/6). Suppose 11 - 1 = l*b. Does 2 divide b?
False
Let s(q) = -5*q + 12. Let i be s(-6). Let n = -29 + i. Is 3 a factor of n?
False
Let l(u) = 7*u**2 - 1. Is 2 a factor of l(1)?
True
Suppose -4*k + 892 = -0*k. Does 29 divide k?
False
Suppose y + 0*y = 3. Suppose -y*t = 4 - 1. Does 8 divide (-160)/(-12) - t/(-3)?
False
Let r(u) = -2*u - 7. Suppose 5*k = -2 - 28. Let v be r(k). Suppose 4*o + v*n = 6 + 6, -4*n = -o + 24. Is 8 a factor of o?
True
Suppose 5*f = 2*f + 33. Does 3 divide f?
False
Is 2 a factor of 16/(-80) - 72/(-10)?
False
Suppose -13 = -4*b - 5*f + 82, 5*b - 112 = -4*f. Suppose 4*k = 132 + b. Does 8 divide k?
False
Suppose -4*w + 11 = -9. Let q = 42 - 22. Suppose -z + w*z - q = 0. Is z a multiple of 5?
True
Let t(h) = h**2 - h - 7. Does 11 divide t(-4)?
False
Suppose 0 = u - 4 + 1. Suppose 3*z - 3*c - 381 = -0*z, 0 = -u*c - 9. Suppose z + 72 = 4*x. Is 14 a factor of x?
False
Let v(z) = z**2 + 3*z. Let p be v(-3). Suppose 2*o = 7*o - 45. Let u = p + o. Is u a multiple of 4?
False
Let d = 151 - 23. Does 13 divide d?
False
Suppose -16 - 4 = -2*z. Is z a multiple of 5?
True
Suppose 4*b + 2*o - 76 = 0, -64 = -4*b - 0*o + 4*o. Does 12 divide b?
False
Let c(p) = -p**3 - p**2 + 8*p - 10. Is 16 a factor of c(-5)?
False
Let k(j) = j**2 - j - 4. Let a = 4 + 5. Does 34 divide k(a)?
True
Let v(i) = 3*i + 4*i + 3 + i**3 - i - 2*i + 7*i**2. Is v(-5) a multiple of 11?
True
Let c be ((-26)/(-6))/((-1)/(-6)). Is (-4)/1*c/(-4) a multiple of 13?
True
Suppose -218 = -5*x - f, 0*f + 216 = 5*x + 2*f. Does 9 divide x?
False
Suppose -2*n - 140 = -3*n. Suppose 5*u + a + 3*a = n, 0 = -3*u - 4*a + 84. Is u a multiple of 14?
True
Suppose 4*o = 2*k + 8, 3*o + 0*k - 6 = -2*k. Suppose o*b = 43 - 11. Let g = -7 + b. Is g a multiple of 5?
False
Let k(a) = 37*a**2 + a - 1. Let p = 1 + 0. Is k(p) a multiple of 12?
False
Suppose 4 = -4*m, 3*j - 2*j - 4*m - 4 = 0. Suppose 3*i + j = 21. Is i a multiple of 3?
False
Let p be 1*(14 + -2)/3. Suppose -5*q + 5*o - 91 = p, 3*q + 4*o = -57. Let u = q + 42. Does 10 divide u?
False
Let m = -9 + 5. Is 10 a factor of 2/m - (-91)/2?
False
Suppose -3*c + 2*i = -146, 0*c + 203 = 4*c - i. Does 4 divide c?
True
Let f(t) = -2*t**3 + 6*t**2 + t - 4. Let j be 1*-2*(-2 - 0). Let w be f(j). Let d = -19 - w. Does 9 divide d?
False
Let f(i) = 2 + 1 - i**2 + 6 - 8*i. Let x be f(-9). Suppose n - 4*n + 93 = x. Is n a multiple of 8?
False
Suppose -2*m - 9 = m. Let u be ((-6)/(-3))/(-2) - m. Suppose i = -u + 16. Is 14 a factor of i?
True
Let y(k) = -k**2 - 6*k - 5. Let f be y(-4). Suppose 4*r - 5*w + 32 = 8*r, -f = 3*r - 3*w. Suppose -r = b + 2, 3*b = -2*q + 1. Does 8 divide q?
True
Suppose -i + 16 = -1. Let c = 16 + i. Is c a multiple of 11?
True
Let t(i) = 23*i + 2. Let k be t(-3). Suppose 0 = 4*y - 2*c + 170, 2 - 17 = 5*c. Let g = y - k. Does 23 divide g?
True
Let t = 199 + -137. Is 11 a factor of t?
False
Is 4 a factor of (-15 + 7)/8*(-21 + -1)?
False
Let d be 2 + 3 + 4 + -3. Is 4 a factor of (6 - (d + -4)) + 20?
True
Let n be (-6)/(-21) + (-160)/(-28). Does 17 divide (0 + 42)/(n/6)?
False
Let f(b) = b**2 - 4*b - 5. Let l be f(4). Let q = l - -5. Suppose q*d - 4*d + 76 = 0. Is d a multiple of 15?
False
Let m(z) = -12 + 21 + z**3 - z**2 - 4*z - 7. Let d(p) = p**3 - 3*p**2 - 4*p + 4. Let i be d(4). Is 13 a factor of m(i)?
False
Let w(t) = -6*t**3 + 3*t**2 + t - 2. Is w(-2) a multiple of 8?
True
Let l(r) = -4*r + 7. Let m(j) = 9*j - 13. Let w(q) = -5*l(q) - 2*m(q). Suppose 3*p - 3*k = -k + 20, 2*p + 5*k - 7 = 0. Does 3 divide w(p)?
True
Let f(l) = -l**3 - 12*l**2 - 4*l + 13. Is 7 a factor of f(-12)?
False
Does 2 divide (143/(-26))/(1/(-2))?
False
Let i(c) = -3*c + 4*c**2 - 4*c - 3*c**2. Let h(f) = -f**3 - 7*f**2 - 8*f - 3. Let l be h(-6). Does 18 divide i(l)?
True
Does 22 divide (-2 - 5/(-2))/(12/1944)?
False
Suppose 0*g - 2*g = -58. Let b = -6 - -20. Let r = g - b. Is r a multiple of 15?
True
Suppose -5*d - 28 = -4*j, 4*d + 24 = 5*j - j. Suppose -2*v + 86 = 2*t, 0*t = -j*t + 8. Is 10 a factor of v?
False
Suppose -5*x - 4 = 11. Let p = x + 4. Is 11 a factor of p/(2 - 42/22)?
True
Suppose -8*n = -3*n - 150. Does 15 divide n?
True
Suppose 0 = -p + 76 - 19. Is p a multiple of 27?
False
Let f = 16 - 16. Let s(n) = -n**3 - 5*n**2 + 3. Let k be s(-5). Suppose k*m + f*m - 3*z = 6, -m - z + 8 = 0. Does 4 divide m?
False
Let p(c) = c**2 - 3*c. Let z be p(3). Suppose r - 2 - 2 = z. Suppose r*t - 9 = -4*w + 111, w - 21 = -4*t. Is w a multiple of 12?
False
Suppose -33*w + 31*w + 122 = 0. Is w a multiple of 11?
False
Let g(f) = f**2 + 3*f + 7. Let n be (-2 - (-1 + 1)) + 4. Suppose k - n = -7. Is 6 a factor of g(k)?
False
Suppose h + 0 = 3. Suppose 3*i - 5 = -o, -7*i = -4*o - 2*i + h. Does 11 divide -1 + o + 13 - 2?
False
Let o(p) = 2*p**3 + 2 + 1 + 7*p**2 - p**3. Is 11 a factor of o(-6)?
False
Let k(l) = -15*l - 2. Is k(-1) a multiple of 12?
False
Let s(p) = -7*p - 4. Let b be s(-3). Suppose -o + 0*o = -b. Does 9 divide o?
False
Suppose 0 = 5*i - 5*j + 260, 2 = 4*j - 10. Let g = -25 - i. Does 12 divide g?
True
Suppose 3*j + 29 = 413. Is 21 a factor of j?
False
Suppose 2*k = v - 55, 3*v - 169 = -0*v + 5*k. Suppose v = 2*q - 25. Suppose -2*t + d - 9 + q = 0, 4*d = -t + 22. Is 6 a factor of t?
True
Suppose 4*s + 81 = 7*s. Is 9 a factor of s?
True
Is 12 a factor of (-3)/(-12) + (-143)/(-4)?
True
Suppose 5*a = -4*q + 251, -3*a + 6 = -2*q + 137. Is q a multiple of 16?
True
Let w(j) be the second derivative of -j**3 - 1/12*j**4 + 0 - j + 5/2*j**2. Is 8 a factor of w(-5)?
False
Suppose 2*g + 280 = 4*y - 0*g, 0 = -2*y - 2*g + 152. Suppose -5*x + y = -2*x. Is x a multiple of 12?
True
Suppose -4*n + 7*n + q - 4 = 0, 4 = -2*n + q. Suppose -3*v + 14 + 4 = n. Let j(s) = 5*s - 8. Is 11 a factor of j(v)?
True
Suppose -4*g = -12, 0 = -3*f + f - 5*g + 7. Does 10 divide -2 + 4 + f - -27?
False
Let g = -3 - 0. Let n(z) = 3*z**2 + 5*z + 4. Is 8 a factor of n(g)?
True
Let l(p) = p + 5. Let n be l(4). Is 16 a factor of ((-24)/n)/1*-6?
True
Suppose -y = -2*y + 4. Suppose 2*l - 7 = -y*a + 159, 0 = -4*a - l + 161. Is 13 a factor of a?
True
Let u(k) = 41 - 9 - 2*k + 3*k. Is 18 a factor of u(0)?
False
Let q be 3 - 0*2/4. Suppose 17 - q = 2*i. Suppose -i*b + 19 = -6*b. Does 8 divide b?
False
Let t = 7 + -5. Let s = 11 + -7. Suppose -s*u - 5*v + t*v = -39, -v = u - 10. Is 8 a factor of u?
False
Is 6850/75 - 1/3 a multiple of 32?
False
Let s = 13 - -1. Is 7 a factor of s?
True
Let z(r) = 2*r + 1. Is 3 a factor of z(1)?
True
Let h = 181 - 4. Does 59 divide h?
True
Suppose -7*t + 103 = -3*t - 3*j, -4*j + 12 = 0. Is 7 a factor of t?
True
Let c(d) = 2*d**2 + 10*d - 12. Is c(-11) a multiple of 30?
True
Let v(k) = k**2 - 5*k - 2 + 0 - 2. Let r be v(6). Suppose -r*o - 60 = -7*o. Is o a multiple of 6?
True
Let r(l) = 6*l - 10. Let m(c) = c**3 + 2*c**2 - c. Let g be m(-2). Let f = g + 5. Is 10 a factor of r(f)?
False
Let q be 9/7 + (-12)/42. Suppose -25 = -4*c - q. Is 4 a factor of (c/(-7))/((-4)/28)?
False
Suppose 0 = w - 4*g - 18, 6*w + g - 90 = w. Suppose p + 2*h - w = 6*h, -12 = -p + 2*h. Suppose -n + p*n = 20. Does 4 divide n?
True
Let f = -7 + 7. Let t = 4 + f. Suppose p + 3*p + 3*h = 126, t*p + 4*h = 128. Does 12 divide p?
False
Let d(y) = -1 - 6*y - 4*y**3 - 1 - 4 - 3*y**2 + 3*y**3. Is d(-4) a multiple of 9?
False
Suppose -4*r - g - 7 = 0, 3*r + 6 + 0 = -g. Let d(c) = 3*c**2 + c. Let y be d(1). Is (r + y + 1)*6 a multiple of 10?
False
Let j be (-17)/(-2) + 7/(-14). Suppose -t = -3*t + j. Is 3 a factor of t?
False
Let c be (-1)/(0 - (-2)/4). Let h = 2 - 1. Let p = h - c. Does 3 divide p?
True
Let k(w) = 11*w + 1. Let q be k(4). Suppose -8*a + 5*v + 36 = -4*a, 5*a - 4*v = q. Does 7 divide a?
False
Suppose 2*x - 7*x = -50. Suppose -50 - x = -5*w. Is 2 